+ 11. Calculate a(b).
-19
Suppose -21 - 13 = 2*q. Let u(t) = -t**3 - 16*t**2 + 18*t + 21. Calculate u(q).
4
Let r = 8 - -12. Suppose -s + 4 = 5*d, -4*d + 2*s - r = -3*s. Let k(t) = -t - 1 - 1 + 6. What is k(d)?
4
Let o(g) be the third derivative of g**4/4 + 9*g**3 - 97*g**2. Give o(-10).
-6
Suppose -37*p + 36*p + 2 = 0. Let u(z) = z**2 + 3*z**p - 1 - 8*z**2 + z**2 - z - z**3. Let d = 8 - 11. Determine u(d).
2
Let w(d) = 2*d - 2. Let b be w(1). Suppose 4*m - 2*l - 32 = -b*l, 16 = 2*m + 5*l. Let c(g) = -g**3 + 9*g**2 - 8*g + 5. Determine c(m).
5
Let b(y) = -2*y**2 - 5*y + 16. Suppose -55 = 3*k + 8*k. Let t be b(k). Let d(r) = -r**2 - 9*r + 5. Give d(t).
5
Let w(k) = 3*k**2 + 41*k - 14. Suppose 0 = -114*g + 119*g + 70. What is w(g)?
0
Let x(r) = -r**3 + 8*r**2 - 4*r + 3. Suppose -p + 2 = 3*s - 24, -25 = -5*p. Give x(s).
24
Let n(w) be the second derivative of -4*w - 1/6*w**3 - 1/12*w**4 + 0 + w**2. Suppose 0 = 3*z + 26 - 17. What is n(z)?
-4
Let k(o) = 6*o**2 - 7*o - 2. Let r(b) = -5*b**2 + 5*b + 2. Let z(h) = -2*k(h) - 3*r(h). Give z(-2).
12
Let a(k) = -7*k**3 - k - 2. Let b(u) = 16*u**3 + u**2 + u + 4. Let x(n) = -9*a(n) - 4*b(n). Give x(-3).
-22
Let u(b) = b - 1. Suppose 2*d - 4*k = -2 - 14, 2*d + 3*k = 5. Let c(t) = t - 1. Let m(i) = d*c(i) + 3*u(i). Calculate m(3).
2
Let o(d) = -6*d**2 + 6*d + 4. Let n(i) = -i**2 + i. Let h(s) = 5*n(s) - o(s). Let p(v) = -v**3 - 5*v**2 + 4*v - 9. Let r be p(-6). What is h(r)?
2
Let k(l) be the third derivative of l**5/60 + 7*l**4/24 + l**3/3 + l**2. Let m(u) = -u**3 - 2*u**2 + 7*u + 7. Let h be m(-3). Give k(h).
-8
Let v be 8/(-10)*(-100)/8. Suppose 15 = -5*t + v*t. Let a(p) = -5*p - p - 4*p**2 + 2*p + 4*p**3 - 3*p**t + 3. Give a(5).
8
Let p = 13 + -7. Let j be (-2 - 1/3)*-3. Let s(v) = 1 - 2*v**2 - j*v + 4*v**2 + 2 - v**2. What is s(p)?
-3
Let n be 1/(-3)*(-9 - -6). Let l be n/((5/3)/5). Let h(g) = -1 - g + 2 - 3*g**2 - l. Calculate h(-2).
-12
Let i = -1145 - -1140. Let b(p) = -p**3 - 5*p**2 + 4*p + 7. Determine b(i).
-13
Let c(t) be the second derivative of 5*t**3/6 - 5*t**2/2 - 182*t. Determine c(5).
20
Let b(h) = h + 1. Let k(d) = -9*d. Let r(s) = 3*b(s) + k(s). Let o(g) = g. Let q(p) = 4*o(p) + r(p). What is q(2)?
-1
Let d = -1 - -2. Let v(u) be the first derivative of u**7/840 - u**6/360 + u**4/24 - 5*u**3 - 44. Let n(b) be the third derivative of v(b). Determine n(d).
1
Suppose -3*k + 31 = -3*f + 4, k - 3 = -f. Let a(l) = -5*l**2 - 6*l + 7. Let x(y) = 11*y**2 + 13*y - 14. Let d(h) = k*x(h) + 13*a(h). Calculate d(0).
7
Let q(h) = 2*h - 10. Let p(w) = 3*w**2 - 9*w + 7. Let z be p(3). What is q(z)?
4
Suppose 12 = 4*r - 2*i, 0*r - 22 = -4*r - 3*i. Let n(g) = 4 - g**3 - 26*g + 0*g**3 + 21*g + r*g**2. Calculate n(3).
-2
Suppose -33 = 4*r - 49. Let l(a) = -a**2 + 7*a - 2. What is l(r)?
10
Let l(m) = 2*m**2 - 7*m - 4. Let h(q) = -q**2 + 7*q + 3. Let j(b) = -3*h(b) - 2*l(b). Suppose -2*k = 2*k + 3*p - 2, p = -2. Suppose 5 = k*a - 3*a. Give j(a).
9
Suppose 0 = 9*f + 3*f - 12. Let r(i) be the first derivative of -11*i**2/2 + 1. Calculate r(f).
-11
Let f(u) = 2*u**2 - 3 + 3*u + 9*u + 2*u**2 + 10*u - 26*u. Determine f(4).
45
Suppose -88*b + 48 = -96*b. Let t(q) be the second derivative of -q**3/6 - 11*q**2/2 - q. Determine t(b).
-5
Let s(z) = z**2 - 8*z + 1. Suppose -56 = -5*o - 2*l, 0*l + 70 = 5*o - 5*l. Let h = 0 - 7. Let t = o + h. Calculate s(t).
-14
Let k(c) be the third derivative of -c**5/40 - c**4/24 - c**3/6 + 10*c**2. Let l(q) be the first derivative of k(q). Determine l(-2).
5
Let q = -367 + 365. Let i(c) = -7*c**2 - 4*c - 2. What is i(q)?
-22
Let n = -3 + 2. Let s(d) = 2*d**3 - d**2 + 4*d + 4. Let b(h) = h + 5. Let r(g) = g + 4. Let l(o) = -3*b(o) + 4*r(o). Let y(k) = 5*l(k) - s(k). Give y(n).
3
Suppose 4 = 2*f - 4. Let l(t) = -66*t + f + 39*t + 28*t. What is l(7)?
11
Let q(s) = 2*s**2 - 25*s - 15. Let o be q(13). Let f(p) = 3*p**2 + p. What is f(o)?
10
Let l be 2/(2 - 4)*3. Let v be l + (18/2 - 1). Let q = 1 - v. Let k(x) = x - 3. Calculate k(q).
-7
Let b(n) be the first derivative of 5*n**3/3 + n**2/2 - 7. Let j(x) = 11*x**2 + x - 1. Let d(y) = 9*b(y) - 4*j(y). What is d(-5)?
4
Let n(q) = 22*q**2 + 8*q + 30. Let m(p) = -5*p**2 - 2*p - 7. Let t(z) = 9*m(z) + 2*n(z). Determine t(-4).
-11
Let a = -607 + 602. Let f(w) = 3*w - 4*w + 4 + 2*w. Calculate f(a).
-1
Suppose -d - m = -5*d + 24, 4*d + 4*m = 4. Suppose -d*n + 20 = 5*t, 5*n = 8*n - 5*t - 52. Let h(o) = -2*o + 9. Give h(n).
-9
Let o(v) = v**3 + 3*v**2 - 6*v - 1. Let l be o(-4). Let a(p) = 0*p**2 - l - p**2 - 6*p + p. Let n = 2 - 7. What is a(n)?
-7
Let w be -8 + (-460)/(-40) + 6/(-4). Let n(a) = -a**2 + 3*a - 4. What is n(w)?
-2
Let a(z) = -z + 2. Let x(s) = -4*s - 72. Let f be x(-15). Suppose 5*i + 17 - 67 = 0. Let o = i + f. Determine a(o).
4
Let n(m) = -m**2 + 10*m + 14. Let p be n(11). Let g(z) be the first derivative of -1/3*z**p + 0*z + 1/2*z**2 - 7. What is g(2)?
-2
Let q be (-1496)/(-66)*(-18)/4. Let y = q - -93. Let h(l) = -l**2 - 9*l - 5. What is h(y)?
-5
Suppose 0*y + 3*q = -4*y - 43, -y - 19 = -2*q. Let v(c) = c**2 + 13*c - 11. Calculate v(y).
-11
Let r(t) = t - 10. Let y be ((-6)/(-8))/((-7)/(-1120)*10). What is r(y)?
2
Suppose 4*f = 5*j - 19, -2*j + 1 = -3*f - 8. Suppose a + 5 = 7. Let n(m) = 0*m + 3 + m**a + 4 - 3 - 4*m. Calculate n(j).
1
Let w(v) = 12*v**3 - 21*v**2 + v + 26. Let p(b) = 5*b**3 - 10*b**2 + 13. Let l(j) = 5*p(j) - 2*w(j). Calculate l(8).
-3
Let z(x) = x**2 - 6*x - 12. Let g be z(-2). Let q(f) = f**3 - 5*f**2 + 5*f + 2. Calculate q(g).
6
Let v(o) be the second derivative of 0 + 7/6*o**3 - 25*o + 3*o**2. What is v(-5)?
-29
Suppose -d - 44 = -46. Let y(u) be the second derivative of -u**5/20 + 5*u**4/12 - u**3/3 - u**2 - 47*u. Give y(d).
6
Let n(u) = -u**2 - 14*u - 21. Let o be 72/(-9) - (-2 - (-9 - -2)). What is n(o)?
-8
Let g(i) = i**2 - 6*i + 16. Let m be g(4). Let s(n) = -3*n**2 + 9*n + 4. Let o(r) = -r**2. Let x(l) = 2*o(l) - s(l). Give x(m).
-12
Let o(i) = -5*i - 1. Let p = 4 + 7. Let v be (-1)/((-1)/(-9 + -3)). Let u = v + p. Calculate o(u).
4
Let h = 119 + -117. Let x be h/4 - 30/24*-2. Let y(i) = -i**2 + 2*i + 1. Calculate y(x).
-2
Let m(b) = 3*b - 1. Let i(j) = 8*j - 2. Suppose -16 - 4 = 2*d - 4*f, -d = -3*f + 13. Let t(k) = d*i(k) + 11*m(k). Give t(6).
3
Let n(q) = q**2 + 9*q + 9. Let p be 6/3 + -2 + -6. Calculate n(p).
-9
Let w be 3/(((-24)/20)/(1*-4)). Suppose 4*r + w = -0*h - 2*h, -r = 4*h - 1. Let q(d) = d**3 + 2*d**2 + d + 4. Give q(r).
-8
Suppose x + 4*l - 4 = -3, -x + l = -6. Let j(y) be the second derivative of 1/20*y**5 - 1/3*y**4 + 0 + 2*y - 1/3*y**3 - 3*y**2. What is j(x)?
9
Let r = -80 - -179. Let d = r + -96. Let f(q) = -q**2 + q + 3. Give f(d).
-3
Suppose -4 + 0 = p. Let x(j) be the second derivative of 0 - 1/3*j**3 - j**2 + 16*j. Determine x(p).
6
Let i(v) = -v**3 - 10*v**2 - 9*v + 5. Let m = -342 + 333. What is i(m)?
5
Let c(p) = p**2 - 6*p + 1. Let s be (-2)/7 - -15*(-4)/(-14). Give c(s).
-7
Let q(b) = b**2 - 5*b + 3. Let n = -4 + 11. Suppose 5*d = -4 - 6. Let t = n + d. Determine q(t).
3
Suppose 3*q + y - 6 = 0, -3*y = -8*y. Let o be 5 + (1 - q) + -2. Suppose o*a - 8 = -6. Let v(n) = -3*n**2. Give v(a).
-3
Let x(u) = -u**3 - 9*u**2 - 13*u - 36. Let i be x(-8). Let q(s) be the second derivative of 0 - 1/20*s**5 + 1/2*s**2 - 2/3*s**3 + s + 5/12*s**4. Give q(i).
1
Let d be ((-8)/4 - -5) + 0. Suppose 2*k + 3 + 26 = -3*v, 5*v - d*k + 23 = 0. Let o be (-1)/v + (-24)/(-28). Let b(n) = -3*n**3 + 2*n**2 - 1. Give b(o).
-2
Let b = 908 - 892. Let x(w) = -w**2 + 15*w + 24. Determine x(b).
8
Let i(k) be the second derivative of 23*k**3/3 + 188*k. Calculate i(-1).
-46
Let x(g) = -4*g. Let z be x(5). Let i = 2 + z. Let n = 12 + i. Let h(p) = -p**2 - 4*p + 7. Give h(n).
-5
Let k(i) be the third derivative of i**5/60 + i**4/3 + 7*i**3/6 + 189*i**2. What is k(-10)?
27
Suppose -f - 1 = 0, -3*x = -3*f + 6*f - 18. Let o(l) = l**3 - 6*l**2 - 9*l + 14. Calculate o(x).
0
Let s(o) = o**3 + 4*o**2 + 3*o + 4. Suppose 5*l + 138 = -42. Let d = l + 25. Let a = d + 8. Give s(a).
4
Let t(a) = 2*a - 7. Let i(y) = -3*y**2 + 42*y + 156. Let o be i(17). Give t(o).
-1
Suppose -2*j + 0*j = -46. Suppose -4*v + 5*z - 18 = j, -4*v - 1 = 3*z. Let i be 1*v/(-4) - 7. Let r(m) = -m**2 - 7*m - 9. Determine r(i).
-3
Let u(h) = -h**3 +